{"id":2,"date":"2021-08-08T07:38:13","date_gmt":"2021-08-08T07:38:13","guid":{"rendered":"https:\/\/iesolapaz.educacion.navarra.es\/web\/claudiomartinezgil\/?page_id=2"},"modified":"2026-03-30T07:02:58","modified_gmt":"2026-03-30T07:02:58","slug":"inicio","status":"publish","type":"page","link":"https:\/\/iesolapaz.educacion.navarra.es\/web\/claudiomartinezgil\/","title":{"rendered":""},"content":{"rendered":"\n<figure class=\"wp-block-image size-large\"><img loading=\"lazy\" width=\"1024\" height=\"146\" src=\"https:\/\/iesolapaz.educacion.navarra.es\/web\/claudiomartinezgil\/wp-content\/uploads\/sites\/2\/2023\/07\/Profile_Contributor-2023-24-1024x146.png\" alt=\"\" class=\"wp-image-1328\" srcset=\"https:\/\/iesolapaz.educacion.navarra.es\/web\/claudiomartinezgil\/wp-content\/uploads\/sites\/2\/2023\/07\/Profile_Contributor-2023-24-1024x146.png 1024w, https:\/\/iesolapaz.educacion.navarra.es\/web\/claudiomartinezgil\/wp-content\/uploads\/sites\/2\/2023\/07\/Profile_Contributor-2023-24-300x43.png 300w, https:\/\/iesolapaz.educacion.navarra.es\/web\/claudiomartinezgil\/wp-content\/uploads\/sites\/2\/2023\/07\/Profile_Contributor-2023-24-768x110.png 768w, https:\/\/iesolapaz.educacion.navarra.es\/web\/claudiomartinezgil\/wp-content\/uploads\/sites\/2\/2023\/07\/Profile_Contributor-2023-24-1536x220.png 1536w, https:\/\/iesolapaz.educacion.navarra.es\/web\/claudiomartinezgil\/wp-content\/uploads\/sites\/2\/2023\/07\/Profile_Contributor-2023-24-2048x293.png 2048w\" sizes=\"(max-width: 1024px) 100vw, 1024px\" \/><\/figure>\n\n\n\n<ul class=\"wp-container-1 wp-block-social-links aligncenter has-small-icon-size items-justified-left items-justified-center\"><li class=\"wp-social-link wp-social-link-facebook wp-block-social-link\"><a href=\"https:\/\/www.facebook.com\/claudio.martinez.gil\" aria-label=\"Facebook: https:\/\/www.facebook.com\/claudio.martinez.gil\"  class=\"wp-block-social-link-anchor\"> <svg width=\"24\" height=\"24\" viewBox=\"0 0 24 24\" version=\"1.1\" xmlns=\"http:\/\/www.w3.org\/2000\/svg\" role=\"img\" aria-hidden=\"true\" focusable=\"false\"><path d=\"M12 2C6.5 2 2 6.5 2 12c0 5 3.7 9.1 8.4 9.9v-7H7.9V12h2.5V9.8c0-2.5 1.5-3.9 3.8-3.9 1.1 0 2.2.2 2.2.2v2.5h-1.3c-1.2 0-1.6.8-1.6 1.6V12h2.8l-.4 2.9h-2.3v7C18.3 21.1 22 17 22 12c0-5.5-4.5-10-10-10z\"><\/path><\/svg><\/a><\/li>\n\n<li class=\"wp-social-link wp-social-link-twitter wp-block-social-link\"><a href=\"https:\/\/twitter.com\/clamartinezgil\" aria-label=\"Twitter: https:\/\/twitter.com\/clamartinezgil\"  class=\"wp-block-social-link-anchor\"> <svg width=\"24\" height=\"24\" viewBox=\"0 0 24 24\" version=\"1.1\" xmlns=\"http:\/\/www.w3.org\/2000\/svg\" role=\"img\" aria-hidden=\"true\" focusable=\"false\"><path d=\"M22.23,5.924c-0.736,0.326-1.527,0.547-2.357,0.646c0.847-0.508,1.498-1.312,1.804-2.27 c-0.793,0.47-1.671,0.812-2.606,0.996C18.324,4.498,17.257,4,16.077,4c-2.266,0-4.103,1.837-4.103,4.103 c0,0.322,0.036,0.635,0.106,0.935C8.67,8.867,5.647,7.234,3.623,4.751C3.27,5.357,3.067,6.062,3.067,6.814 c0,1.424,0.724,2.679,1.825,3.415c-0.673-0.021-1.305-0.206-1.859-0.513c0,0.017,0,0.034,0,0.052c0,1.988,1.414,3.647,3.292,4.023 c-0.344,0.094-0.707,0.144-1.081,0.144c-0.264,0-0.521-0.026-0.772-0.074c0.522,1.63,2.038,2.816,3.833,2.85 c-1.404,1.1-3.174,1.756-5.096,1.756c-0.331,0-0.658-0.019-0.979-0.057c1.816,1.164,3.973,1.843,6.29,1.843 c7.547,0,11.675-6.252,11.675-11.675c0-0.178-0.004-0.355-0.012-0.531C20.985,7.47,21.68,6.747,22.23,5.924z\"><\/path><\/svg><\/a><\/li>\n\n<li class=\"wp-social-link wp-social-link-instagram wp-block-social-link\"><a href=\"https:\/\/www.instagram.com\/claudiomartinezgil\/\" aria-label=\"Instagram: https:\/\/www.instagram.com\/claudiomartinezgil\/\"  class=\"wp-block-social-link-anchor\"> <svg width=\"24\" height=\"24\" viewBox=\"0 0 24 24\" version=\"1.1\" xmlns=\"http:\/\/www.w3.org\/2000\/svg\" role=\"img\" aria-hidden=\"true\" focusable=\"false\"><path d=\"M12,4.622c2.403,0,2.688,0.009,3.637,0.052c0.877,0.04,1.354,0.187,1.671,0.31c0.42,0.163,0.72,0.358,1.035,0.673 c0.315,0.315,0.51,0.615,0.673,1.035c0.123,0.317,0.27,0.794,0.31,1.671c0.043,0.949,0.052,1.234,0.052,3.637 s-0.009,2.688-0.052,3.637c-0.04,0.877-0.187,1.354-0.31,1.671c-0.163,0.42-0.358,0.72-0.673,1.035 c-0.315,0.315-0.615,0.51-1.035,0.673c-0.317,0.123-0.794,0.27-1.671,0.31c-0.949,0.043-1.233,0.052-3.637,0.052 s-2.688-0.009-3.637-0.052c-0.877-0.04-1.354-0.187-1.671-0.31c-0.42-0.163-0.72-0.358-1.035-0.673 c-0.315-0.315-0.51-0.615-0.673-1.035c-0.123-0.317-0.27-0.794-0.31-1.671C4.631,14.688,4.622,14.403,4.622,12 s0.009-2.688,0.052-3.637c0.04-0.877,0.187-1.354,0.31-1.671c0.163-0.42,0.358-0.72,0.673-1.035 c0.315-0.315,0.615-0.51,1.035-0.673c0.317-0.123,0.794-0.27,1.671-0.31C9.312,4.631,9.597,4.622,12,4.622 M12,3 C9.556,3,9.249,3.01,8.289,3.054C7.331,3.098,6.677,3.25,6.105,3.472C5.513,3.702,5.011,4.01,4.511,4.511 c-0.5,0.5-0.808,1.002-1.038,1.594C3.25,6.677,3.098,7.331,3.054,8.289C3.01,9.249,3,9.556,3,12c0,2.444,0.01,2.751,0.054,3.711 c0.044,0.958,0.196,1.612,0.418,2.185c0.23,0.592,0.538,1.094,1.038,1.594c0.5,0.5,1.002,0.808,1.594,1.038 c0.572,0.222,1.227,0.375,2.185,0.418C9.249,20.99,9.556,21,12,21s2.751-0.01,3.711-0.054c0.958-0.044,1.612-0.196,2.185-0.418 c0.592-0.23,1.094-0.538,1.594-1.038c0.5-0.5,0.808-1.002,1.038-1.594c0.222-0.572,0.375-1.227,0.418-2.185 C20.99,14.751,21,14.444,21,12s-0.01-2.751-0.054-3.711c-0.044-0.958-0.196-1.612-0.418-2.185c-0.23-0.592-0.538-1.094-1.038-1.594 c-0.5-0.5-1.002-0.808-1.594-1.038c-0.572-0.222-1.227-0.375-2.185-0.418C14.751,3.01,14.444,3,12,3L12,3z M12,7.378 c-2.552,0-4.622,2.069-4.622,4.622S9.448,16.622,12,16.622s4.622-2.069,4.622-4.622S14.552,7.378,12,7.378z M12,15 c-1.657,0-3-1.343-3-3s1.343-3,3-3s3,1.343,3,3S13.657,15,12,15z M16.804,6.116c-0.596,0-1.08,0.484-1.08,1.08 s0.484,1.08,1.08,1.08c0.596,0,1.08-0.484,1.08-1.08S17.401,6.116,16.804,6.116z\"><\/path><\/svg><\/a><\/li>\n\n<li class=\"wp-social-link wp-social-link-linkedin wp-block-social-link\"><a href=\"https:\/\/www.linkedin.com\/feed\/?trk=homepage-basic_signin-form_submit\" aria-label=\"LinkedIn: https:\/\/www.linkedin.com\/feed\/?trk=homepage-basic_signin-form_submit\"  class=\"wp-block-social-link-anchor\"> <svg width=\"24\" height=\"24\" viewBox=\"0 0 24 24\" version=\"1.1\" xmlns=\"http:\/\/www.w3.org\/2000\/svg\" role=\"img\" aria-hidden=\"true\" focusable=\"false\"><path d=\"M19.7,3H4.3C3.582,3,3,3.582,3,4.3v15.4C3,20.418,3.582,21,4.3,21h15.4c0.718,0,1.3-0.582,1.3-1.3V4.3 C21,3.582,20.418,3,19.7,3z M8.339,18.338H5.667v-8.59h2.672V18.338z M7.004,8.574c-0.857,0-1.549-0.694-1.549-1.548 c0-0.855,0.691-1.548,1.549-1.548c0.854,0,1.547,0.694,1.547,1.548C8.551,7.881,7.858,8.574,7.004,8.574z M18.339,18.338h-2.669 v-4.177c0-0.996-0.017-2.278-1.387-2.278c-1.389,0-1.601,1.086-1.601,2.206v4.249h-2.667v-8.59h2.559v1.174h0.037 c0.356-0.675,1.227-1.387,2.526-1.387c2.703,0,3.203,1.779,3.203,4.092V18.338z\"><\/path><\/svg><\/a><\/li>\n\n<li class=\"wp-social-link wp-social-link-vimeo wp-block-social-link\"><a href=\"https:\/\/vimeo.com\/\" aria-label=\"Vimeo: https:\/\/vimeo.com\/\"  class=\"wp-block-social-link-anchor\"> <svg width=\"24\" height=\"24\" viewBox=\"0 0 24 24\" version=\"1.1\" xmlns=\"http:\/\/www.w3.org\/2000\/svg\" role=\"img\" aria-hidden=\"true\" focusable=\"false\"><path d=\"M22.396,7.164c-0.093,2.026-1.507,4.799-4.245,8.32C15.322,19.161,12.928,21,10.97,21c-1.214,0-2.24-1.119-3.079-3.359 c-0.56-2.053-1.119-4.106-1.68-6.159C5.588,9.243,4.921,8.122,4.206,8.122c-0.156,0-0.701,0.328-1.634,0.98L1.594,7.841 c1.027-0.902,2.04-1.805,3.037-2.708C6.001,3.95,7.03,3.327,7.715,3.264c1.619-0.156,2.616,0.951,2.99,3.321 c0.404,2.557,0.685,4.147,0.841,4.769c0.467,2.121,0.981,3.181,1.542,3.181c0.435,0,1.09-0.688,1.963-2.065 c0.871-1.376,1.338-2.422,1.401-3.142c0.125-1.187-0.343-1.782-1.401-1.782c-0.498,0-1.012,0.115-1.541,0.341 c1.023-3.35,2.977-4.977,5.862-4.884C21.511,3.066,22.52,4.453,22.396,7.164z\"><\/path><\/svg><\/a><\/li>\n\n<li class=\"wp-social-link wp-social-link-youtube wp-block-social-link\"><a href=\"https:\/\/www.youtube.com\/channel\/UCXEmA_9OAsoCM9eJR0sb1WA\" aria-label=\"YouTube: https:\/\/www.youtube.com\/channel\/UCXEmA_9OAsoCM9eJR0sb1WA\"  class=\"wp-block-social-link-anchor\"> <svg width=\"24\" height=\"24\" viewBox=\"0 0 24 24\" version=\"1.1\" xmlns=\"http:\/\/www.w3.org\/2000\/svg\" role=\"img\" aria-hidden=\"true\" focusable=\"false\"><path d=\"M21.8,8.001c0,0-0.195-1.378-0.795-1.985c-0.76-0.797-1.613-0.801-2.004-0.847c-2.799-0.202-6.997-0.202-6.997-0.202 h-0.009c0,0-4.198,0-6.997,0.202C4.608,5.216,3.756,5.22,2.995,6.016C2.395,6.623,2.2,8.001,2.2,8.001S2,9.62,2,11.238v1.517 c0,1.618,0.2,3.237,0.2,3.237s0.195,1.378,0.795,1.985c0.761,0.797,1.76,0.771,2.205,0.855c1.6,0.153,6.8,0.201,6.8,0.201 s4.203-0.006,7.001-0.209c0.391-0.047,1.243-0.051,2.004-0.847c0.6-0.607,0.795-1.985,0.795-1.985s0.2-1.618,0.2-3.237v-1.517 C22,9.62,21.8,8.001,21.8,8.001z M9.935,14.594l-0.001-5.62l5.404,2.82L9.935,14.594z\"><\/path><\/svg><\/a><\/li><\/ul>\n\n\n\n<div class=\"wp-block-columns\">\n<div class=\"wp-block-column\">\n<figure class=\"wp-block-image size-full is-resized\"><a href=\"https:\/\/insignias.educacion.es\/assertion\/79fce0869f38ebf790379763428b99d8cfe9ffe7?fbclid=IwAR2h-lvC-PxdXfyNVhicDvlocJffEiPx0MsqNF_vvqpvkskc2G43c5IMSkA\" target=\"_blank\" rel=\"noopener\"><img loading=\"lazy\" src=\"https:\/\/iesolapaz.educacion.navarra.es\/web\/claudiomartinezgil\/wp-content\/uploads\/sites\/2\/2023\/10\/badge.png\" alt=\"\" class=\"wp-image-1387\" width=\"196\" height=\"196\" srcset=\"https:\/\/iesolapaz.educacion.navarra.es\/web\/claudiomartinezgil\/wp-content\/uploads\/sites\/2\/2023\/10\/badge.png 200w, https:\/\/iesolapaz.educacion.navarra.es\/web\/claudiomartinezgil\/wp-content\/uploads\/sites\/2\/2023\/10\/badge-150x150.png 150w\" sizes=\"(max-width: 196px) 100vw, 196px\" \/><\/a><\/figure>\n<\/div>\n\n\n\n<div class=\"wp-block-column\">\n<p><\/p>\n\n\n\n<p class=\"has-text-align-center\"><strong><a href=\"http:\/\/iesolapaz.educacion.navarra.es\/web\/claudiomartinezgil\/category\/asignaturas\/matematicas-analisis-y-enfoques-ns\">Matem\u00e1ticas. An\u00e1lisis y Enfoques. (NS)<\/a><\/strong><\/p>\n\n\n\n<p class=\"has-text-align-center\"><a href=\"https:\/\/iesolapaz.educacion.navarra.es\/web\/claudiomartinezgil\/category\/asignaturas\/matematicas-3-eso-b\/\" target=\"_blank\" rel=\"noreferrer noopener\"><strong>Matem\u00e1ticas 3 ESO C<\/strong><\/a><\/p>\n\n\n\n<p class=\"has-text-align-center\"><strong><a href=\"http:\/\/iesolapaz.educacion.navarra.es\/web\/claudiomartinezgil\/category\/asignaturas\/matematicas-i\">Matem\u00e1ticas I. 1\u00ba BACH<\/a><\/strong><\/p>\n<\/div>\n\n\n\n<div class=\"wp-block-column\">\n<figure class=\"wp-block-image size-full is-resized\"><a href=\"https:\/\/insignias.educacion.es\/assertion\/695a219d5eea30beb2b93dfdef86f29e91ba6c04?fbclid=IwAR0PRT7SdQh0plPwnjsXUFw_X7Jn2KN6UtdQmGT-jxZ-vaNfVhn6eY1AWq8\" target=\"_blank\" rel=\"noopener\"><img loading=\"lazy\" src=\"https:\/\/iesolapaz.educacion.navarra.es\/web\/claudiomartinezgil\/wp-content\/uploads\/sites\/2\/2023\/11\/insignia_ia.png\" alt=\"\" class=\"wp-image-1413\" width=\"206\" height=\"206\" srcset=\"https:\/\/iesolapaz.educacion.navarra.es\/web\/claudiomartinezgil\/wp-content\/uploads\/sites\/2\/2023\/11\/insignia_ia.png 833w, https:\/\/iesolapaz.educacion.navarra.es\/web\/claudiomartinezgil\/wp-content\/uploads\/sites\/2\/2023\/11\/insignia_ia-300x300.png 300w, https:\/\/iesolapaz.educacion.navarra.es\/web\/claudiomartinezgil\/wp-content\/uploads\/sites\/2\/2023\/11\/insignia_ia-150x150.png 150w, https:\/\/iesolapaz.educacion.navarra.es\/web\/claudiomartinezgil\/wp-content\/uploads\/sites\/2\/2023\/11\/insignia_ia-768x768.png 768w\" sizes=\"(max-width: 206px) 100vw, 206px\" \/><\/a><\/figure>\n<\/div>\n<\/div>\n\n\n\n<figure class=\"wp-block-gallery has-nested-images columns-default is-cropped\">\n<figure class=\"wp-block-image size-large\"><img loading=\"lazy\" width=\"935\" height=\"650\" data-id=\"1368\"  src=\"https:\/\/iesolapaz.educacion.navarra.es\/web\/claudiomartinezgil\/wp-content\/uploads\/sites\/2\/2023\/09\/osa_cirbo1.jpg\" alt=\"\" class=\"wp-image-1368\" srcset=\"https:\/\/iesolapaz.educacion.navarra.es\/web\/claudiomartinezgil\/wp-content\/uploads\/sites\/2\/2023\/09\/osa_cirbo1.jpg 935w, https:\/\/iesolapaz.educacion.navarra.es\/web\/claudiomartinezgil\/wp-content\/uploads\/sites\/2\/2023\/09\/osa_cirbo1-300x209.jpg 300w, https:\/\/iesolapaz.educacion.navarra.es\/web\/claudiomartinezgil\/wp-content\/uploads\/sites\/2\/2023\/09\/osa_cirbo1-768x534.jpg 768w\" sizes=\"(max-width: 935px) 100vw, 935px\" \/><figcaption><strong>OSASUNA 7 &#8211; CIRBONERO 1<\/strong><\/figcaption><\/figure>\n\n\n\n<figure class=\"wp-block-image size-large\"><img loading=\"lazy\" width=\"860\" height=\"486\" data-id=\"1366\"  src=\"https:\/\/iesolapaz.educacion.navarra.es\/web\/claudiomartinezgil\/wp-content\/uploads\/sites\/2\/2023\/09\/osa_cirbo2.jpg\" alt=\"\" class=\"wp-image-1366\" srcset=\"https:\/\/iesolapaz.educacion.navarra.es\/web\/claudiomartinezgil\/wp-content\/uploads\/sites\/2\/2023\/09\/osa_cirbo2.jpg 860w, https:\/\/iesolapaz.educacion.navarra.es\/web\/claudiomartinezgil\/wp-content\/uploads\/sites\/2\/2023\/09\/osa_cirbo2-300x170.jpg 300w, https:\/\/iesolapaz.educacion.navarra.es\/web\/claudiomartinezgil\/wp-content\/uploads\/sites\/2\/2023\/09\/osa_cirbo2-768x434.jpg 768w\" sizes=\"(max-width: 860px) 100vw, 860px\" \/><figcaption><strong>TAJONAR 1985<\/strong><\/figcaption><\/figure>\n\n\n\n<figure class=\"wp-block-image size-large\"><img loading=\"lazy\" width=\"398\" height=\"579\" data-id=\"1496\"  src=\"https:\/\/iesolapaz.educacion.navarra.es\/web\/claudiomartinezgil\/wp-content\/uploads\/sites\/2\/2024\/03\/IMG_1229.jpg\" alt=\"\" class=\"wp-image-1496\" srcset=\"https:\/\/iesolapaz.educacion.navarra.es\/web\/claudiomartinezgil\/wp-content\/uploads\/sites\/2\/2024\/03\/IMG_1229.jpg 398w, https:\/\/iesolapaz.educacion.navarra.es\/web\/claudiomartinezgil\/wp-content\/uploads\/sites\/2\/2024\/03\/IMG_1229-206x300.jpg 206w\" sizes=\"(max-width: 398px) 100vw, 398px\" \/><figcaption><strong>CIRBONERO 3 &#8211; ALSASUA 1<br>TEMPORADA 23-24<\/strong><\/figcaption><\/figure>\n\n\n\n<figure class=\"wp-block-image size-large\"><img loading=\"lazy\" width=\"960\" height=\"541\" data-id=\"1365\"  src=\"https:\/\/iesolapaz.educacion.navarra.es\/web\/claudiomartinezgil\/wp-content\/uploads\/sites\/2\/2023\/09\/aficionados.jpg\" alt=\"\" class=\"wp-image-1365\" srcset=\"https:\/\/iesolapaz.educacion.navarra.es\/web\/claudiomartinezgil\/wp-content\/uploads\/sites\/2\/2023\/09\/aficionados.jpg 960w, https:\/\/iesolapaz.educacion.navarra.es\/web\/claudiomartinezgil\/wp-content\/uploads\/sites\/2\/2023\/09\/aficionados-300x169.jpg 300w, https:\/\/iesolapaz.educacion.navarra.es\/web\/claudiomartinezgil\/wp-content\/uploads\/sites\/2\/2023\/09\/aficionados-768x433.jpg 768w\" sizes=\"(max-width: 960px) 100vw, 960px\" \/><figcaption><strong>COPA DE AFICIONADOS SUB-23<\/strong><br><strong>CIRBONERO 4 &#8211; TUDELANO 2<\/strong><\/figcaption><\/figure>\n\n\n\n<figure class=\"wp-block-image size-large\"><img loading=\"lazy\" width=\"1024\" height=\"768\" data-id=\"1373\"  src=\"https:\/\/iesolapaz.educacion.navarra.es\/web\/claudiomartinezgil\/wp-content\/uploads\/sites\/2\/2023\/09\/juvenil-1024x768.jpg\" alt=\"\" class=\"wp-image-1373\" srcset=\"https:\/\/iesolapaz.educacion.navarra.es\/web\/claudiomartinezgil\/wp-content\/uploads\/sites\/2\/2023\/09\/juvenil-1024x768.jpg 1024w, https:\/\/iesolapaz.educacion.navarra.es\/web\/claudiomartinezgil\/wp-content\/uploads\/sites\/2\/2023\/09\/juvenil-300x225.jpg 300w, https:\/\/iesolapaz.educacion.navarra.es\/web\/claudiomartinezgil\/wp-content\/uploads\/sites\/2\/2023\/09\/juvenil-768x576.jpg 768w, https:\/\/iesolapaz.educacion.navarra.es\/web\/claudiomartinezgil\/wp-content\/uploads\/sites\/2\/2023\/09\/juvenil-1536x1152.jpg 1536w, https:\/\/iesolapaz.educacion.navarra.es\/web\/claudiomartinezgil\/wp-content\/uploads\/sites\/2\/2023\/09\/juvenil.jpg 2048w\" sizes=\"(max-width: 1024px) 100vw, 1024px\" \/><figcaption><strong>CIRBONERO JUVENIL: 81-82<\/strong><\/figcaption><\/figure>\n<\/figure>\n\n\n\n<p><\/p>\n","protected":false},"excerpt":{"rendered":"<p>Matem\u00e1ticas. An\u00e1lisis y Enfoques. (NS) Matem\u00e1ticas 3 ESO C Matem\u00e1ticas I. 1\u00ba BACH<\/p>\n","protected":false},"author":3,"featured_media":0,"parent":0,"menu_order":0,"comment_status":"closed","ping_status":"closed","template":"","meta":{"_genesis_hide_title":false,"_genesis_hide_breadcrumbs":false,"_genesis_hide_singular_image":false,"_genesis_hide_footer_widgets":false,"_genesis_custom_body_class":"","_genesis_custom_post_class":"","_genesis_layout":""},"yoast_head":"<!-- This site is optimized with the Yoast SEO plugin v19.13 - https:\/\/yoast.com\/wordpress\/plugins\/seo\/ -->\n<title>- Site de Claudio Mart\u00ednez Gil<\/title>\n<meta name=\"robots\" content=\"index, follow, max-snippet:-1, max-image-preview:large, max-video-preview:-1\" \/>\n<link rel=\"canonical\" href=\"https:\/\/iesolapaz.educacion.navarra.es\/web\/claudiomartinezgil\/\" \/>\n<meta property=\"og:locale\" content=\"es_ES\" \/>\n<meta property=\"og:type\" content=\"article\" \/>\n<meta property=\"og:title\" content=\"- Site de Claudio Mart\u00ednez Gil\" \/>\n<meta property=\"og:description\" content=\"Matem\u00e1ticas. An\u00e1lisis y Enfoques. (NS) Matem\u00e1ticas 3 ESO C Matem\u00e1ticas I. 1\u00ba BACH\" \/>\n<meta property=\"og:url\" content=\"https:\/\/iesolapaz.educacion.navarra.es\/web\/claudiomartinezgil\/\" \/>\n<meta property=\"og:site_name\" content=\"Site de Claudio Mart\u00ednez Gil\" \/>\n<meta property=\"article:modified_time\" content=\"2026-03-30T07:02:58+00:00\" \/>\n<meta property=\"og:image\" content=\"https:\/\/iesolapaz.educacion.navarra.es\/web\/claudiomartinezgil\/wp-content\/uploads\/sites\/2\/2023\/07\/Profile_Contributor-2023-24-1024x146.png\" \/>\n<meta name=\"twitter:card\" content=\"summary_large_image\" \/>\n<meta name=\"twitter:label1\" content=\"Tiempo de lectura\" \/>\n\t<meta name=\"twitter:data1\" content=\"2 minutos\" \/>\n<script type=\"application\/ld+json\" class=\"yoast-schema-graph\">{\"@context\":\"https:\/\/schema.org\",\"@graph\":[{\"@type\":\"WebPage\",\"@id\":\"https:\/\/iesolapaz.educacion.navarra.es\/web\/claudiomartinezgil\/\",\"url\":\"https:\/\/iesolapaz.educacion.navarra.es\/web\/claudiomartinezgil\/\",\"name\":\"- Site de Claudio Mart\u00ednez Gil\",\"isPartOf\":{\"@id\":\"https:\/\/iesolapaz.educacion.navarra.es\/web\/claudiomartinezgil\/#website\"},\"datePublished\":\"2021-08-08T07:38:13+00:00\",\"dateModified\":\"2026-03-30T07:02:58+00:00\",\"inLanguage\":\"es\",\"potentialAction\":[{\"@type\":\"ReadAction\",\"target\":[\"https:\/\/iesolapaz.educacion.navarra.es\/web\/claudiomartinezgil\/\"]}]},{\"@type\":\"WebSite\",\"@id\":\"https:\/\/iesolapaz.educacion.navarra.es\/web\/claudiomartinezgil\/#website\",\"url\":\"https:\/\/iesolapaz.educacion.navarra.es\/web\/claudiomartinezgil\/\",\"name\":\"Site de Claudio Mart\u00ednez Gil\",\"description\":\"Apoyo a la docencia en el IES BENJAM\u00cdN DE TUDELA\",\"potentialAction\":[{\"@type\":\"SearchAction\",\"target\":{\"@type\":\"EntryPoint\",\"urlTemplate\":\"https:\/\/iesolapaz.educacion.navarra.es\/web\/claudiomartinezgil\/?s={search_term_string}\"},\"query-input\":\"required name=search_term_string\"}],\"inLanguage\":\"es\"}]}<\/script>\n<!-- \/ Yoast SEO plugin. -->","yoast_head_json":{"title":"- Site de Claudio Mart\u00ednez Gil","robots":{"index":"index","follow":"follow","max-snippet":"max-snippet:-1","max-image-preview":"max-image-preview:large","max-video-preview":"max-video-preview:-1"},"canonical":"https:\/\/iesolapaz.educacion.navarra.es\/web\/claudiomartinezgil\/","og_locale":"es_ES","og_type":"article","og_title":"- Site de Claudio Mart\u00ednez Gil","og_description":"Matem\u00e1ticas. An\u00e1lisis y Enfoques. (NS) Matem\u00e1ticas 3 ESO C Matem\u00e1ticas I. 1\u00ba BACH","og_url":"https:\/\/iesolapaz.educacion.navarra.es\/web\/claudiomartinezgil\/","og_site_name":"Site de Claudio Mart\u00ednez Gil","article_modified_time":"2026-03-30T07:02:58+00:00","og_image":[{"url":"https:\/\/iesolapaz.educacion.navarra.es\/web\/claudiomartinezgil\/wp-content\/uploads\/sites\/2\/2023\/07\/Profile_Contributor-2023-24-1024x146.png"}],"twitter_card":"summary_large_image","twitter_misc":{"Tiempo de lectura":"2 minutos"},"schema":{"@context":"https:\/\/schema.org","@graph":[{"@type":"WebPage","@id":"https:\/\/iesolapaz.educacion.navarra.es\/web\/claudiomartinezgil\/","url":"https:\/\/iesolapaz.educacion.navarra.es\/web\/claudiomartinezgil\/","name":"- Site de Claudio Mart\u00ednez Gil","isPartOf":{"@id":"https:\/\/iesolapaz.educacion.navarra.es\/web\/claudiomartinezgil\/#website"},"datePublished":"2021-08-08T07:38:13+00:00","dateModified":"2026-03-30T07:02:58+00:00","inLanguage":"es","potentialAction":[{"@type":"ReadAction","target":["https:\/\/iesolapaz.educacion.navarra.es\/web\/claudiomartinezgil\/"]}]},{"@type":"WebSite","@id":"https:\/\/iesolapaz.educacion.navarra.es\/web\/claudiomartinezgil\/#website","url":"https:\/\/iesolapaz.educacion.navarra.es\/web\/claudiomartinezgil\/","name":"Site de Claudio Mart\u00ednez Gil","description":"Apoyo a la docencia en el IES BENJAM\u00cdN DE TUDELA","potentialAction":[{"@type":"SearchAction","target":{"@type":"EntryPoint","urlTemplate":"https:\/\/iesolapaz.educacion.navarra.es\/web\/claudiomartinezgil\/?s={search_term_string}"},"query-input":"required name=search_term_string"}],"inLanguage":"es"}]}},"_links":{"self":[{"href":"https:\/\/iesolapaz.educacion.navarra.es\/web\/claudiomartinezgil\/wp-json\/wp\/v2\/pages\/2"}],"collection":[{"href":"https:\/\/iesolapaz.educacion.navarra.es\/web\/claudiomartinezgil\/wp-json\/wp\/v2\/pages"}],"about":[{"href":"https:\/\/iesolapaz.educacion.navarra.es\/web\/claudiomartinezgil\/wp-json\/wp\/v2\/types\/page"}],"author":[{"embeddable":true,"href":"https:\/\/iesolapaz.educacion.navarra.es\/web\/claudiomartinezgil\/wp-json\/wp\/v2\/users\/3"}],"replies":[{"embeddable":true,"href":"https:\/\/iesolapaz.educacion.navarra.es\/web\/claudiomartinezgil\/wp-json\/wp\/v2\/comments?post=2"}],"version-history":[{"count":140,"href":"https:\/\/iesolapaz.educacion.navarra.es\/web\/claudiomartinezgil\/wp-json\/wp\/v2\/pages\/2\/revisions"}],"predecessor-version":[{"id":1701,"href":"https:\/\/iesolapaz.educacion.navarra.es\/web\/claudiomartinezgil\/wp-json\/wp\/v2\/pages\/2\/revisions\/1701"}],"wp:attachment":[{"href":"https:\/\/iesolapaz.educacion.navarra.es\/web\/claudiomartinezgil\/wp-json\/wp\/v2\/media?parent=2"}],"curies":[{"name":"wp","href":"https:\/\/api.w.org\/{rel}","templated":true}]}}