{"version":"1.0","provider_name":"IESO La Paz de Cintru\u00e9nigo","provider_url":"https:\/\/iesolapaz.educacion.navarra.es\/web","author_name":"Administrador","author_url":"https:\/\/iesolapaz.educacion.navarra.es\/web\/blog\/author\/iesocintwpadmin\/","title":"Radio La Paz - IESO La Paz de Cintru\u00e9nigo","type":"rich","width":600,"height":338,"html":"<blockquote class=\"wp-embedded-content\" data-secret=\"xMhTiofdM2\"><a href=\"https:\/\/iesolapaz.educacion.navarra.es\/web\/blog\/2023\/03\/07\/radio-la-paz\/\">Radio La Paz<\/a><\/blockquote><iframe sandbox=\"allow-scripts\" security=\"restricted\" src=\"https:\/\/iesolapaz.educacion.navarra.es\/web\/blog\/2023\/03\/07\/radio-la-paz\/embed\/#?secret=xMhTiofdM2\" width=\"600\" height=\"338\" title=\"\u00abRadio La Paz\u00bb \u2014 IESO La Paz de Cintru\u00e9nigo\" data-secret=\"xMhTiofdM2\" frameborder=\"0\" marginwidth=\"0\" marginheight=\"0\" scrolling=\"no\" class=\"wp-embedded-content\"><\/iframe><script type=\"text\/javascript\">\n\/*! This file is auto-generated *\/\n!function(d,l){\"use strict\";var e=!1,o=!1;if(l.querySelector)if(d.addEventListener)e=!0;if(d.wp=d.wp||{},!d.wp.receiveEmbedMessage)if(d.wp.receiveEmbedMessage=function(e){var t=e.data;if(t)if(t.secret||t.message||t.value)if(!\/[^a-zA-Z0-9]\/.test(t.secret)){for(var r,a,i,s=l.querySelectorAll('iframe[data-secret=\"'+t.secret+'\"]'),n=l.querySelectorAll('blockquote[data-secret=\"'+t.secret+'\"]'),o=new RegExp(\"^https?:$\",\"i\"),c=0;c<n.length;c++)n[c].style.display=\"none\";for(c=0;c<s.length;c++)if(r=s[c],e.source===r.contentWindow){if(r.removeAttribute(\"style\"),\"height\"===t.message){if(1e3<(i=parseInt(t.value,10)))i=1e3;else if(~~i<200)i=200;r.height=i}if(\"link\"===t.message)if(a=l.createElement(\"a\"),i=l.createElement(\"a\"),a.href=r.getAttribute(\"src\"),i.href=t.value,o.test(i.protocol))if(i.host===a.host)if(l.activeElement===r)d.top.location.href=t.value}}},e)d.addEventListener(\"message\",d.wp.receiveEmbedMessage,!1),l.addEventListener(\"DOMContentLoaded\",t,!1),d.addEventListener(\"load\",t,!1);function t(){if(!o){o=!0;for(var e,t,r,a=-1!==navigator.appVersion.indexOf(\"MSIE 10\"),i=!!navigator.userAgent.match(\/Trident.*rv:11\\.\/),s=l.querySelectorAll(\"iframe.wp-embedded-content\"),n=0;n<s.length;n++){if(!(r=(t=s[n]).getAttribute(\"data-secret\")))r=Math.random().toString(36).substr(2,10),t.src+=\"#?secret=\"+r,t.setAttribute(\"data-secret\",r);if(a||i)(e=t.cloneNode(!0)).removeAttribute(\"security\"),t.parentNode.replaceChild(e,t);t.contentWindow.postMessage({message:\"ready\",secret:r},\"*\")}}}}(window,document);\n<\/script>\n","thumbnail_url":"https:\/\/iesolapaz.educacion.navarra.es\/web\/wp-content\/uploads\/2023\/03\/Captura-de-Pantalla-2023-03-07-a-las-17.53.45.png","thumbnail_width":1440,"thumbnail_height":777,"description":"El lunes 6 de marzo tuvo lugar el estreno oficial del estudio Radio La Paz, proyecto de innovaci\u00f3n liderado por el profesor de m\u00fasica H\u00e9ctor Asensio. Para nuestra primera emisi\u00f3n en directo desde el estudio, y con motivo de la celebraci\u00f3n del D\u00eda Internacional de la Mujer nos visit\u00f3 Mar\u00eda Chivite presidenta del gobierno de [&hellip;]"}

IESO La Paz de Cintruénigo

Radio La Paz - IESO La Paz de Cintruénigo

<blockquote class="wp-embedded-content" data-secret="xMhTiofdM2"><a href="https://iesolapaz.educacion.navarra.es/web/blog/2023/03/07/radio-la-paz/">Radio La Paz</a></blockquote><iframe sandbox="allow-scripts" security="restricted" src="https://iesolapaz.educacion.navarra.es/web/blog/2023/03/07/radio-la-paz/embed/#?secret=xMhTiofdM2" width="600" height="338" title="«Radio La Paz» — IESO La Paz de Cintruénigo" data-secret="xMhTiofdM2" frameborder="0" marginwidth="0" marginheight="0" scrolling="no" class="wp-embedded-content"></iframe><script type="text/javascript">
/*! This file is auto-generated */
!function(d,l){"use strict";var e=!1,o=!1;if(l.querySelector)if(d.addEventListener)e=!0;if(d.wp=d.wp||{},!d.wp.receiveEmbedMessage)if(d.wp.receiveEmbedMessage=function(e){var t=e.data;if(t)if(t.secret||t.message||t.value)if(!/[^a-zA-Z0-9]/.test(t.secret)){for(var r,a,i,s=l.querySelectorAll('iframe[data-secret="'+t.secret+'"]'),n=l.querySelectorAll('blockquote[data-secret="'+t.secret+'"]'),o=new RegExp("^https?:$","i"),c=0;c<n.length;c++)n[c].style.display="none";for(c=0;c<s.length;c++)if(r=s[c],e.source===r.contentWindow){if(r.removeAttribute("style"),"height"===t.message){if(1e3<(i=parseInt(t.value,10)))i=1e3;else if(~~i<200)i=200;r.height=i}if("link"===t.message)if(a=l.createElement("a"),i=l.createElement("a"),a.href=r.getAttribute("src"),i.href=t.value,o.test(i.protocol))if(i.host===a.host)if(l.activeElement===r)d.top.location.href=t.value}}},e)d.addEventListener("message",d.wp.receiveEmbedMessage,!1),l.addEventListener("DOMContentLoaded",t,!1),d.addEventListener("load",t,!1);function t(){if(!o){o=!0;for(var e,t,r,a=-1!==navigator.appVersion.indexOf("MSIE 10"),i=!!navigator.userAgent.match(/Trident.*rv:11\./),s=l.querySelectorAll("iframe.wp-embedded-content"),n=0;n<s.length;n++){if(!(r=(t=s[n]).getAttribute("data-secret")))r=Math.random().toString(36).substr(2,10),t.src+="#?secret="+r,t.setAttribute("data-secret",r);if(a||i)(e=t.cloneNode(!0)).removeAttribute("security"),t.parentNode.replaceChild(e,t);t.contentWindow.postMessage({message:"ready",secret:r},"*")}}}}(window,document);
</script>

El lunes 6 de marzo tuvo lugar el estreno oficial del estudio Radio La Paz, proyecto de innovación liderado por el profesor de música Héctor Asensio. Para nuestra primera emisión en directo desde el estudio, y con motivo de la celebración del Día Internacional de la Mujer nos visitó María Chivite presidenta del gobierno de [&hellip;]
