{"id":1267,"date":"2021-05-31T13:30:23","date_gmt":"2021-05-31T11:30:23","guid":{"rendered":"https:\/\/iesolapaz.educacion.navarra.es\/web\/?page_id=1267"},"modified":"2021-05-31T13:30:24","modified_gmt":"2021-05-31T11:30:24","slug":"apyma-quienes-somos","status":"publish","type":"page","link":"https:\/\/iesolapaz.educacion.navarra.es\/web\/apyma-quienes-somos\/","title":{"rendered":"Apyma \u00bfQuienes Somos ?"},"content":{"rendered":"\n<figure class=\"wp-block-image size-large is-resized is-style-default\"><img loading=\"lazy\" src=\"https:\/\/iesolapaz.educacion.navarra.es\/web\/wp-content\/uploads\/2021\/05\/apymaLogo.png\" alt=\"\" class=\"wp-image-1268\" width=\"142\" height=\"107\" srcset=\"https:\/\/iesolapaz.educacion.navarra.es\/web\/wp-content\/uploads\/2021\/05\/apymaLogo.png 408w, https:\/\/iesolapaz.educacion.navarra.es\/web\/wp-content\/uploads\/2021\/05\/apymaLogo-300x225.png 300w\" sizes=\"(max-width: 142px) 100vw, 142px\" \/><\/figure>\n\n\n\n<p>APYMA La Paz, es la asociaci\u00f3n de padres y madres del alumnado del IESO La Paz de Cintru\u00e9nigo. Est\u00e1 compuesta por voluntarios\/as que solidariamente aportamos nuestro tiempo libre y llevamos m\u00e1s de 20 a\u00f1os trabajando por la educaci\u00f3n, organizando actividades, defendiendo nuestros derechos y participando dentro de los \u00f3rganos de gesti\u00f3n y decisi\u00f3n del instituto mediante el Consejo Escolar, con el fin de mejorar la calidad de la ense\u00f1anza.<\/p>\n\n\n\n<p>Estamos integrados en la Federaci\u00f3n de Asociaciones de padres y madres del alumnado de Navarra \u2013 HERRIKOA que defiende la escuela p\u00fablica y nos da, entre otras cosas, apoyo legal.<\/p>\n","protected":false},"excerpt":{"rendered":"<p>APYMA La Paz, es la asociaci\u00f3n de padres y madres del alumnado del IESO La Paz de Cintru\u00e9nigo. Est\u00e1 compuesta por voluntarios\/as que solidariamente aportamos nuestro tiempo libre y llevamos m\u00e1s de 20 a\u00f1os trabajando por la educaci\u00f3n, organizando actividades, defendiendo nuestros derechos y participando dentro de los \u00f3rganos de gesti\u00f3n y decisi\u00f3n del instituto [&hellip;]<\/p>\n","protected":false},"author":1,"featured_media":0,"parent":0,"menu_order":0,"comment_status":"closed","ping_status":"closed","template":"","meta":{"_genesis_hide_title":false,"_genesis_hide_breadcrumbs":false,"_genesis_hide_singular_image":false,"_genesis_hide_footer_widgets":false,"_genesis_custom_body_class":"","_genesis_custom_post_class":"","_genesis_layout":""},"yoast_head":"<!-- This site is optimized with the Yoast SEO plugin v19.13 - https:\/\/yoast.com\/wordpress\/plugins\/seo\/ -->\n<title>Apyma \u00bfQuienes Somos ? - IESO La Paz de Cintru\u00e9nigo<\/title>\n<meta name=\"robots\" content=\"index, follow, max-snippet:-1, max-image-preview:large, max-video-preview:-1\" \/>\n<link rel=\"canonical\" href=\"https:\/\/iesolapaz.educacion.navarra.es\/web\/apyma-quienes-somos\/\" \/>\n<meta property=\"og:locale\" content=\"es_ES\" \/>\n<meta property=\"og:type\" content=\"article\" \/>\n<meta property=\"og:title\" content=\"Apyma \u00bfQuienes Somos ? - IESO La Paz de Cintru\u00e9nigo\" \/>\n<meta property=\"og:description\" content=\"APYMA La Paz, es la asociaci\u00f3n de padres y madres del alumnado del IESO La Paz de Cintru\u00e9nigo. Est\u00e1 compuesta por voluntarios\/as que solidariamente aportamos nuestro tiempo libre y llevamos m\u00e1s de 20 a\u00f1os trabajando por la educaci\u00f3n, organizando actividades, defendiendo nuestros derechos y participando dentro de los \u00f3rganos de gesti\u00f3n y decisi\u00f3n del instituto [&hellip;]\" \/>\n<meta property=\"og:url\" content=\"https:\/\/iesolapaz.educacion.navarra.es\/web\/apyma-quienes-somos\/\" \/>\n<meta property=\"og:site_name\" content=\"IESO La Paz de Cintru\u00e9nigo\" \/>\n<meta property=\"article:modified_time\" content=\"2021-05-31T11:30:24+00:00\" \/>\n<meta property=\"og:image\" content=\"https:\/\/iesolapaz.educacion.navarra.es\/web\/wp-content\/uploads\/2021\/05\/apymaLogo.png\" \/>\n<meta name=\"twitter:card\" content=\"summary_large_image\" \/>\n<meta name=\"twitter:label1\" content=\"Tiempo de lectura\" \/>\n\t<meta name=\"twitter:data1\" content=\"1 minuto\" \/>\n<script type=\"application\/ld+json\" class=\"yoast-schema-graph\">{\"@context\":\"https:\/\/schema.org\",\"@graph\":[{\"@type\":\"WebPage\",\"@id\":\"https:\/\/iesolapaz.educacion.navarra.es\/web\/apyma-quienes-somos\/\",\"url\":\"https:\/\/iesolapaz.educacion.navarra.es\/web\/apyma-quienes-somos\/\",\"name\":\"Apyma \u00bfQuienes Somos ? - IESO La Paz de Cintru\u00e9nigo\",\"isPartOf\":{\"@id\":\"https:\/\/iesolapaz.educacion.navarra.es\/web\/#website\"},\"datePublished\":\"2021-05-31T11:30:23+00:00\",\"dateModified\":\"2021-05-31T11:30:24+00:00\",\"breadcrumb\":{\"@id\":\"https:\/\/iesolapaz.educacion.navarra.es\/web\/apyma-quienes-somos\/#breadcrumb\"},\"inLanguage\":\"es\",\"potentialAction\":[{\"@type\":\"ReadAction\",\"target\":[\"https:\/\/iesolapaz.educacion.navarra.es\/web\/apyma-quienes-somos\/\"]}]},{\"@type\":\"BreadcrumbList\",\"@id\":\"https:\/\/iesolapaz.educacion.navarra.es\/web\/apyma-quienes-somos\/#breadcrumb\",\"itemListElement\":[{\"@type\":\"ListItem\",\"position\":1,\"name\":\"Home\",\"item\":\"https:\/\/iesolapaz.educacion.navarra.es\/web\/\"},{\"@type\":\"ListItem\",\"position\":2,\"name\":\"Apyma \u00bfQuienes Somos ?\"}]},{\"@type\":\"WebSite\",\"@id\":\"https:\/\/iesolapaz.educacion.navarra.es\/web\/#website\",\"url\":\"https:\/\/iesolapaz.educacion.navarra.es\/web\/\",\"name\":\"IESO La Paz de Cintru\u00e9nigo\",\"description\":\"Sitio web del IESO La Paz de Cintru\u00e9nigo\",\"potentialAction\":[{\"@type\":\"SearchAction\",\"target\":{\"@type\":\"EntryPoint\",\"urlTemplate\":\"https:\/\/iesolapaz.educacion.navarra.es\/web\/?s={search_term_string}\"},\"query-input\":\"required name=search_term_string\"}],\"inLanguage\":\"es\"}]}<\/script>\n<!-- \/ Yoast SEO plugin. -->","yoast_head_json":{"title":"Apyma \u00bfQuienes Somos ? - IESO La Paz de Cintru\u00e9nigo","robots":{"index":"index","follow":"follow","max-snippet":"max-snippet:-1","max-image-preview":"max-image-preview:large","max-video-preview":"max-video-preview:-1"},"canonical":"https:\/\/iesolapaz.educacion.navarra.es\/web\/apyma-quienes-somos\/","og_locale":"es_ES","og_type":"article","og_title":"Apyma \u00bfQuienes Somos ? - IESO La Paz de Cintru\u00e9nigo","og_description":"APYMA La Paz, es la asociaci\u00f3n de padres y madres del alumnado del IESO La Paz de Cintru\u00e9nigo. Est\u00e1 compuesta por voluntarios\/as que solidariamente aportamos nuestro tiempo libre y llevamos m\u00e1s de 20 a\u00f1os trabajando por la educaci\u00f3n, organizando actividades, defendiendo nuestros derechos y participando dentro de los \u00f3rganos de gesti\u00f3n y decisi\u00f3n del instituto [&hellip;]","og_url":"https:\/\/iesolapaz.educacion.navarra.es\/web\/apyma-quienes-somos\/","og_site_name":"IESO La Paz de Cintru\u00e9nigo","article_modified_time":"2021-05-31T11:30:24+00:00","og_image":[{"url":"https:\/\/iesolapaz.educacion.navarra.es\/web\/wp-content\/uploads\/2021\/05\/apymaLogo.png"}],"twitter_card":"summary_large_image","twitter_misc":{"Tiempo de lectura":"1 minuto"},"schema":{"@context":"https:\/\/schema.org","@graph":[{"@type":"WebPage","@id":"https:\/\/iesolapaz.educacion.navarra.es\/web\/apyma-quienes-somos\/","url":"https:\/\/iesolapaz.educacion.navarra.es\/web\/apyma-quienes-somos\/","name":"Apyma \u00bfQuienes Somos ? - IESO La Paz de Cintru\u00e9nigo","isPartOf":{"@id":"https:\/\/iesolapaz.educacion.navarra.es\/web\/#website"},"datePublished":"2021-05-31T11:30:23+00:00","dateModified":"2021-05-31T11:30:24+00:00","breadcrumb":{"@id":"https:\/\/iesolapaz.educacion.navarra.es\/web\/apyma-quienes-somos\/#breadcrumb"},"inLanguage":"es","potentialAction":[{"@type":"ReadAction","target":["https:\/\/iesolapaz.educacion.navarra.es\/web\/apyma-quienes-somos\/"]}]},{"@type":"BreadcrumbList","@id":"https:\/\/iesolapaz.educacion.navarra.es\/web\/apyma-quienes-somos\/#breadcrumb","itemListElement":[{"@type":"ListItem","position":1,"name":"Home","item":"https:\/\/iesolapaz.educacion.navarra.es\/web\/"},{"@type":"ListItem","position":2,"name":"Apyma \u00bfQuienes Somos ?"}]},{"@type":"WebSite","@id":"https:\/\/iesolapaz.educacion.navarra.es\/web\/#website","url":"https:\/\/iesolapaz.educacion.navarra.es\/web\/","name":"IESO La Paz de Cintru\u00e9nigo","description":"Sitio web del IESO La Paz de Cintru\u00e9nigo","potentialAction":[{"@type":"SearchAction","target":{"@type":"EntryPoint","urlTemplate":"https:\/\/iesolapaz.educacion.navarra.es\/web\/?s={search_term_string}"},"query-input":"required name=search_term_string"}],"inLanguage":"es"}]}},"featured_image_src":null,"featured_image_src_square":null,"_links":{"self":[{"href":"https:\/\/iesolapaz.educacion.navarra.es\/web\/wp-json\/wp\/v2\/pages\/1267"}],"collection":[{"href":"https:\/\/iesolapaz.educacion.navarra.es\/web\/wp-json\/wp\/v2\/pages"}],"about":[{"href":"https:\/\/iesolapaz.educacion.navarra.es\/web\/wp-json\/wp\/v2\/types\/page"}],"author":[{"embeddable":true,"href":"https:\/\/iesolapaz.educacion.navarra.es\/web\/wp-json\/wp\/v2\/users\/1"}],"replies":[{"embeddable":true,"href":"https:\/\/iesolapaz.educacion.navarra.es\/web\/wp-json\/wp\/v2\/comments?post=1267"}],"version-history":[{"count":1,"href":"https:\/\/iesolapaz.educacion.navarra.es\/web\/wp-json\/wp\/v2\/pages\/1267\/revisions"}],"predecessor-version":[{"id":1269,"href":"https:\/\/iesolapaz.educacion.navarra.es\/web\/wp-json\/wp\/v2\/pages\/1267\/revisions\/1269"}],"wp:attachment":[{"href":"https:\/\/iesolapaz.educacion.navarra.es\/web\/wp-json\/wp\/v2\/media?parent=1267"}],"curies":[{"name":"wp","href":"https:\/\/api.w.org\/{rel}","templated":true}]}}